ainder when v is divided by 21?
18
Suppose 19 = 4*k - 9. Let v(g) = g**2 - g - 3. Calculate the remainder when v(6) is divided by k.
6
Suppose -101 + 24 = -3*i - 4*u, 0 = 2*i - u - 55. Let g = -36 - -88. Calculate the remainder when g is divided by i.
25
Suppose -2*c - 2*c - 15 = z, 4*c = z - 25. Calculate the remainder when 1/z - (-229)/5 is divided by 40/3*(-18)/(-15).
14
Let z(v) = 16*v**3 - v**2 + v. Let r(i) = 3*i**2 + 5*i**2 - i + 0*i. Calculate the remainder when r(2) is divided by z(1).
14
Let s = 578 + 3. Suppose -5*t = -s - 239. Suppose 4*z = 3*x + t, -z + 5*x = z - 96. Calculate the remainder when z is divided by 13.
12
Let a(q) = q**3 + q**2 + q + 1. Let h be a(0). Suppose 34 - h = 3*t. Let g = -7 - -11. What is the remainder when t is divided by g?
3
Let q = 8 - -4. Suppose -4*v + q = -104. Suppose -1 + 16 = g. What is the remainder when v is divided by g?
14
Suppose 90 = 6*g - 30. What is the remainder when 58 is divided by g?
18
Let p(f) = f**2 + 9*f + 27. What is the remainder when 28 is divided by p(-7)?
2
Calculate the remainder when (87/6 + 0)*2 is divided by 6/21 - 206/(-14).
14
Let i(t) = -3*t**3 - 3*t**2 - t - 2. Calculate the remainder when 34 is divided by i(-2).
10
Let m = -23 - -51. Let d = m - 20. What is the remainder when d is divided by 3?
2
Let n be (4/5)/(7/35). Suppose -16 = -n*s + 24. What is the remainder when s is divided by 3?
1
Suppose 0 = -b - 0 + 12. Suppose -52 = 3*g - 157. What is the remainder when g is divided by b?
11
Let m be (-18)/(-63) + (-46)/14. Let f(x) = -2*x**3 - x**2 - 4*x - 4. Calculate the remainder when f(m) is divided by 18.
17
Calculate the remainder when 2/(-6)*(-163 - -4) is divided by 28.
25
Suppose 1 = 3*p - 2*p. Suppose -101 + p = -5*h. What is the remainder when h is divided by 7?
6
Let n(s) = 11*s**3 + 2*s - 1. Calculate the remainder when ((-188)/8)/(10/(-4) - -2) is divided by n(1).
11
Let l = 5 - 19. Let v = 37 + l. What is the remainder when v is divided by 12?
11
Let h = 318 + -307. Let c = 50 + -9. What is the remainder when c is divided by h?
8
Let t(u) = -56*u**3 - u**2 + 1. Let q(y) = 7*y - 16. What is the remainder when t(-1) is divided by q(5)?
18
Let d(v) = 2*v**3 - 6*v**2 + 9*v + 7. Let w(x) = x**3 - 6*x**2 + 8*x + 6. Let n(q) = -2*d(q) + 3*w(q). What is the remainder when 21 is divided by n(-7)?
10
Let p = 169 + -106. What is the remainder when 185 is divided by p?
59
Let k = 31 + 13. Suppose 4*x = 8*x - 4*s - 104, -4*x + 3*s = -101. What is the remainder when k is divided by x?
21
Suppose -5*j - 45 = -8*j. Let y = -252 + 157. Let z = -51 - y. What is the remainder when z is divided by j?
14
Suppose 2*d - 3*m - 13 = 0, -2*m + 9 = -5*d + 36. Calculate the remainder when 24 is divided by d.
4
Let w = -132 - -91. Let q = 83 + w. Calculate the remainder when q is divided by 22.
20
Let q(x) = 4*x + 68. Calculate the remainder when 95 is divided by q(-11).
23
Let i(s) = s**3 + 11. Calculate the remainder when 131 is divided by i(0).
10
Suppose 5*v - 80 = v - i, 5*i = -5*v + 115. Suppose 2*n - 5*s = 5, -5*n + 35 = s - 18. Calculate the remainder when v is divided by n.
9
Let a(f) = 3*f + f**3 - 3*f**2 + 2*f**2 + 3*f**2 - 3 + 3*f**2. Calculate the remainder when 22 is divided by a(-3).
4
Calculate the remainder when (-297 + -1)*8/32*-2 is divided by 38.
35
Suppose 2*i - 5*i = 3*m - 36, 0 = 3*i + 12. Calculate the remainder when 95 is divided by m.
15
Suppose -21 = -b - 6. What is the remainder when (5/25 + 1/(-1))*-35 is divided by b?
13
Let t(q) = 7*q**2 + 3*q + 4. What is the remainder when t(-2) is divided by (-1)/(-1) + -1 - -9?
8
Let w(p) = 6*p - 2. Suppose -2*t - 20 = y, -28 = -t + 2*t + 5*y. Calculate the remainder when w(2) is divided by 30/(-4)*t/10.
4
Suppose 2*z = 4*x - 86, z - 41 = -2*x + 4. Calculate the remainder when x is divided by 13.
9
Suppose -3*n + 8*n = 15. Let f(p) = p + 1. Let y be f(-1). Suppose 32 = 4*z - y*z. Calculate the remainder when z is divided by n.
2
Suppose -13 = -4*v + 55. Suppose 12*u - 9*u = 150. What is the remainder when u is divided by v?
16
Calculate the remainder when (-1)/5 - (-7 - (-1024)/(-20)) is divided by 17.
7
Suppose 3*p + 9 = 33. Let c = -2 + p. Let b(m) = 2*m**3 - 2*m - 1. What is the remainder when b(2) is divided by c?
5
Let l(v) = 2*v - 2. Calculate the remainder when 34 is divided by l(10).
16
Suppose 3*m - 142 = -5*x + 31, -90 = -2*x + 4*m. What is the remainder when x is divided by 19?
18
Suppose -4 = 4*q - 4*j, -5*q - 3*j - 5 = -j. Suppose 2*b + 3*b + 87 = 4*a, 5*b = 5*a - 110. What is the remainder when a is divided by 1 + (-9 + -2)/q?
11
Suppose -5*o + 32 = -o + 4*z, 4*o + 3*z - 27 = 0. Suppose 6*u = o*u + 24. What is the remainder when 1*(1 + 9 - -4) is divided by u?
6
Let s(z) = 3*z - 1. Let t(r) = 3*r - 1. Let d(y) = 6*s(y) - 7*t(y). Let n be d(-1). Calculate the remainder when 1/4 + 43/n is divided by 4.
3
Let o(l) = -4*l. What is the remainder when o(-4) is divided by 9?
7
Let k(t) = t**2 - t + 12. Let n(a) = a**3 + 4*a**2. Let j be n(-4). What is the remainder when 22 is divided by k(j)?
10
Let d be (-1)/((-3)/(-6) + -1). Suppose -2*b + v = 70, 2*v = -d*b - 2*v - 80. Let j = -11 - b. Calculate the remainder when j is divided by 13.
12
Let h be ((-8)/12)/((-4)/18). Let s(z) = 2*z**2 - 3*z - 1. Calculate the remainder when 23 is divided by s(h).
7
Let k(r) = 4*r - 9. Let b be (-4)/(-6)*(8 - 2). What is the remainder when k(b) is divided by 3?
1
Suppose -s + 6 = -0*s - 3*h, -h + 3 = 0. Calculate the remainder when s is divided by 9.
6
Suppose -4*b = -b + 12. Calculate the remainder when 1/4 - 7/b is divided by 3/(6/2) + (1 - 0).
0
Let u(n) = 4*n - 9. Let x be u(7). Suppose -4*h = 3*j + x, 0*j + 4*j - 3*h = 8. Calculate the remainder when -2 + 34 - (j - 1) is divided by 12.
10
Suppose -2*z + 6 = -0*z. Suppose -c + 3 = -0*c. Suppose -i + 5*x = 8, 7 = i + x + c. Calculate the remainder when z is divided by i.
1
Suppose 4*p - 165 = -p. Suppose 3*o = 3*g + 24, 5*g - g = -o + p. Calculate the remainder when 38 is divided by o.
12
Let b(l) = -9*l**2 + 3*l + 1. Let h be b(-2). Let a = h - -11. What is the remainder when 5 is divided by (20/a)/(1/(-3))?
1
Let s(a) = 12*a**2 - 2*a - 1. What is the remainder when -4*(-6)/4*4 is divided by s(-1)?
11
Let u(n) = 2*n + 1. Suppose 0 = w - 4*w + 12, -6 = -2*d - w. Suppose -24 = -3*q + o, -3*q + 35 = 2*o + 11. Calculate the remainder when q is divided by u(d).
2
Let m(i) = -i**2 - 8*i + 22. Calculate the remainder when 3 is divided by m(-10).
1
Suppose -5*m + 3 = -4*m. Suppose -1 = m*r - 4. What is the remainder when 18 is divided by (2 - -6) + (r - -1)?
8
Let l(f) = -f**2 - 6*f + 1. Let r(c) = c**2 + c. Let s(i) = l(i) + 6*r(i). Suppose -2 = -3*n + n. What is the remainder when 11 is divided by s(n)?
5
Let g = 7 + 8. Calculate the remainder when 18 is divided by g.
3
Let f = 134 + 255. What is the remainder when f is divided by 13?
12
Suppose c + 0*x = 4*x + 66, -4*x = -3*c + 198. Let s be (-4 + -2)*60/(-9). Let z = c - s. Calculate the remainder when z is divided by 14.
12
Let g = -19 + 30. Let z = -5 - -3. Calculate the remainder when g is divided by 5/(15/z)*-6.
3
Let d(u) = u. What is the remainder when 4 is divided by d(2)?
0
Suppose -5*p = -h - h + 21, -2*h = -2*p - 30. What is the remainder when 35 is divided by h?
17
Let z(m) = -2*m**3 + 9*m**2 + 5*m + 8. What is the remainder when (-2 + (-1 - -17))/1 is divided by z(5)?
6
Suppose -8*p - 369 = -11*p. Calculate the remainder when p is divided by 42.
39
Let h be (-4)/(-18) - 332/36. Let a = 4 - h. What is the remainder when a is divided by 4?
1
Suppose -7*d = g - 3*d + 26, 32 = -2*g + 2*d. What is the remainder when 18 is divided by (-22)/(-5) - g/30?
3
Suppose 0 = 3*l - y + 12, 0 = 4*l - 3*l - 3*y + 4. Let j = l + 20. What is the remainder when j is divided by 2/6 - 26/(-3)?
7
Let f(j) = -34*j - 2. Let o be f(-5). Suppose 5*p - o = -8. Suppose -p = -3*k - 0*k - 4*c, 0 = 3*c - 6. What is the remainder when 14 is divided by k?
6
Suppose 0 = -0*o + o - 31. Calculate the remainder when 91 is divided by o.
29
Let a be 2/(-3*2/(-135)). Suppose 4*u + 5*l = -a, -3*u + 4*u - 3*l - 10 = 0. Let w = u + 10. What is the remainder when w is divided by 3?
2
Suppose -3*t = 4*h - 44, 2*t + h - 2 = 34. Suppose -4*z + 68 = t. What i